. What is the units digit of z(-38)?
5
Let t(k) = 3*k**2 + 2*k - 1. Let s be t(1). Let l = 1780 - 1863. What is the units digit of s + 6/(-3) - l?
5
Let i(b) = 257*b**2 + 2*b - 25. Let h be i(4). Suppose 0 = r - 6*r + h. What is the tens digit of r?
1
Suppose 2*c + 112*l - 116*l - 4336 = 0, 3*c + l = 6546. What is the units digit of c?
0
Suppose 11*v - 13*v + 14 = 0. Let q be (2 + (4 - v))*-56. Suppose f = -5*z + q, -4*z = 2*f - 58 - 60. What is the tens digit of f?
6
Let u be -2 + 0 + (-5 - -11). Suppose 4*x - 1688 = -u*v, 1679 = 4*x - 0*x - 5*v. What is the hundreds digit of x?
4
Suppose -83*b + 1526464 = -60*b. What is the ten thousands digit of b?
6
Let x = 163 + -55. What is the units digit of ((-668)/2)/(x/(-162))?
1
Suppose -10*u = 10007 + 4813. Let f = u + 2290. What is the tens digit of f?
0
Suppose 32*d + 47342 = 1406990. What is the tens digit of d?
8
Let q = 183 - 201. Let s(p) = -19*p + 98. What is the tens digit of s(q)?
4
Let o = -5 - -38. Let d be 42/11 + 6/o. Suppose a = 5*w + 3*a - 224, 0 = -2*a + d. What is the tens digit of w?
4
Let h = 60214 + -24225. What is the hundreds digit of h?
9
Let k = -918 - -3332. What is the tens digit of k?
1
Suppose 0 = -4*p + 4*y + 29304, -2*p = -18*y + 23*y - 14617. What is the units digit of p?
1
Let l(i) = -17*i - 52. Let u = -313 + 287. What is the units digit of l(u)?
0
What is the hundreds digit of (2 - -1)/(-27*(-14)/1384110)?
9
Suppose -4*y - 1790 = -j, 3*j - 2*y - 5406 = y. Let t = -1154 + j. What is the units digit of t?
2
Suppose -14*a + 120 = 78. Suppose 0 = -a*h + s + 2730, 0 = -h + 30*s - 33*s + 910. What is the units digit of h?
0
Let k(c) = -2*c**3 + 92*c**2 - 129*c + 7. What is the thousands digit of k(42)?
8
Suppose r + 11 = 2*f, f = -2*f - 4*r. Suppose -2*m = m - 5*b - 795, 822 = 3*m + f*b. Suppose 0 = -8*h + 14*h - m. What is the tens digit of h?
4
Suppose 4*f = i + 2555, 0 = i + 2 + 1. Suppose -6*n = 658 + f. Let p = n - -421. What is the tens digit of p?
0
Let s(d) = 23*d - 329 + 404 - 27*d. What is the units digit of s(-11)?
9
Let y = -817 - -332. Let l = 1311 + y. What is the hundreds digit of l?
8
Let x(z) = -2*z**2 + 60*z + 71. Let a be x(30). Suppose 3*v + a = 1490. What is the tens digit of v?
7
Suppose m - 4*c = -0*c + 3, 12 = -m - c. Let y(d) = 9*d**2 - 9*d - 54. What is the hundreds digit of y(m)?
7
Let s be -4 + 30/1 + 3. Suppose -x + 379 = -32*i + s*i, 0 = -2*i - 4. What is the hundreds digit of x?
3
What is the thousands digit of (-2)/((62/158689)/(1/(-1) + 0))?
5
Suppose -2*o + v = 6*v - 12, -5*o - 1 = -3*v. Let l be 1 + -1 - (o + -1). Suppose l = -3*t + 182 + 34. What is the units digit of t?
2
Suppose 2*z - 18 = -12. Let f(a) = 3*a + 10 - z*a + a**2 + 0*a + 4*a. What is the units digit of f(-6)?
2
What is the thousands digit of (-1 - -37)*(-19 - -25)*27?
5
Suppose 2664 + 4172 = 2*c. Suppose h + w = -1155, c = -2*h - 4*w + 1102. What is the tens digit of (h/(-30))/((-9)/(-60))?
5
Let l(p) = -p**3 + 3*p**2 + 6*p + 4. Let t be l(4). Let i(h) = -h**3 + 16*h**2 + 4*h + 22. What is the tens digit of i(t)?
4
Suppose -7 - 8 = -5*p. Suppose -4*l + 16 = 8*o - p*o, 2*l - 8 = -o. Suppose o = 5*h + 7*h - 1536. What is the units digit of h?
8
Let z(d) = -d**3 - 48*d - 6. What is the thousands digit of z(-18)?
6
Let i = -3878 + 8075. What is the hundreds digit of i?
1
Let m = 9548 + -3825. What is the units digit of m?
3
What is the thousands digit of (-104 + -420)*-46*1?
4
Let j be 0/(-1) + 2 - 29460/(-30). Suppose -7*w = -j - 1305. What is the tens digit of w?
2
Suppose 0 = 3*u - 6*u + 24. Suppose -u*y - 258 = -5*y. Let x = -75 - y. What is the units digit of x?
1
Suppose -2*r - 170 = -68. Let l = r + 55. Suppose l*d - 15 = d. What is the units digit of d?
5
Let b = -14819 - -32787. What is the units digit of b?
8
Let g(x) = 5*x**2 + 5*x + 4. Let p(w) = -14*w + 2 - 2 - 14 - 15*w**2 + 3. Let z(s) = -17*g(s) - 6*p(s). What is the tens digit of z(2)?
1
Suppose 2*f + 5*r - 5 = 0, 2*r = -f - 3*r. Suppose 0 = -4*h + 17 - f. Suppose -h*z + 8*g + 161 = 3*g, -4*z + 5*g = -223. What is the units digit of z?
2
Suppose p + 3*p - 68 = 4*a, 4*p = a + 11. Let f be a + 21 + (0 - -1). Suppose 0 = -f*n - 0*z - 2*z + 125, 3 = 3*z. What is the tens digit of n?
4
Let f(a) = a**3 + 28*a**2 + 41*a + 75. Let y be f(-30). What is the hundreds digit of (9 - 104/12)/((-1)/y)?
9
Let u be (0*(5 - 27/6))/1. Suppose 131 = m + 5*x - 478, u = 4*x - 20. What is the tens digit of m?
8
Suppose -4*n - 10 = 2*r - 7*n, -n = -4. Let g be 0 + ((-9)/(-2 - 1) - r). What is the tens digit of (-44 - 3/g*2)/(-1)?
4
Suppose 18*n - 318439 = 19*n - 12*n. What is the tens digit of n?
4
Suppose -8*x + x = -14. Let y(j) = 3*j**3 - 4*j**2 + 6*j - 6. Let d be y(x). Suppose 0 = 4*z + z + n - 28, -5*n = 4*z - d. What is the units digit of z?
6
Let d(c) = 13*c**3 + 13*c**2 - 12*c - 7. Let y be 1*(-1 - 2)/((-6)/8). What is the hundreds digit of d(y)?
9
Suppose 159 = 2*y - 5*p, 0*y - 4*y + 2*p + 326 = 0. Suppose 81*s = y*s. Suppose 5*n + 10 = 4*f + 252, s = -2*n + 5*f + 107. What is the tens digit of n?
4
Suppose 41*u - 589138 = -13416. What is the ten thousands digit of u?
1
Suppose 0 = -5*a - r + 1986, -2*a - 4*r - 414 = -3*a. Let n = a + -1. Let b = -283 + n. What is the units digit of b?
4
Let g(i) = 6*i**3 - 62*i**2 + 2*i - 68. What is the units digit of g(23)?
2
Let j = 58564 + -40666. What is the hundreds digit of j?
8
Let t = 106 - 104. Let u(g) = 0*g + 20*g - g**3 + 16*g**t - 42 + 0*g. What is the units digit of u(17)?
9
Let p(f) = 353*f + 2645. What is the thousands digit of p(5)?
4
Let c(i) be the first derivative of -2*i**2 + 11*i + 8 + 1/3*i**3. What is the units digit of c(7)?
2
Let o = -4734 - -23108. What is the ten thousands digit of o?
1
Let l be (434/8)/((-8)/32). Let a = 455 + l. What is the tens digit of a?
3
Let y be 3292/(-2)*(-16)/32. Suppose -2*f + 0*f + 434 = 2*m, -4*f + 5*m + y = 0. What is the tens digit of f?
1
Let w(u) = 357*u**2 - 96*u + 950. What is the hundreds digit of w(9)?
0
Let s be 52/(-130) - ((-186)/(-5))/(-3). Let c be 1*-1*(-12)/s. What is the units digit of -1 - -29 - (c + 0)?
7
Let y(u) = -134*u**2 + u + 2. Let o be y(-1). Let a = o - -412. What is the units digit of a?
9
Let x = 4676 + -927. What is the tens digit of x?
4
Let n be 774 - (-6 + 4)/(-8)*0. Suppose -n - 486 = -4*h. What is the units digit of h?
5
Let a = -233 - -251. Let u be (2/(-6))/(2/(-294)). Let n = u - a. What is the units digit of n?
1
Suppose q + 0*q + 5 = 0. Let u(g) = -g**2 - 4*g + 6. Let z be u(q). What is the units digit of (-210)/20*-8*z?
4
Let u(n) = 6*n**3 - 2*n. Let x be u(1). Suppose x*c + 3*d - 4217 = -0*d, -5*c = d - 5274. What is the units digit of c?
5
Suppose 14 + 4 = 5*p + 3*m, 0 = 2*p + 2*m - 4. Let k be 2/(p/1)*0. Suppose k*b + b - 2 = 0. What is the units digit of b?
2
Suppose -4*l - 20 = -3*v, -v - 3*l - 2 = -0*l. Suppose 239 = -3*n + v*n - 5*m, 0 = n - m - 243. What is the units digit of n?
4
Let k be ((-2)/(-4))/((-23)/(-368)). Let s = k - 8. Suppose -3*d + 5*q = -s*d - 21, -3*d - q = -39. What is the tens digit of d?
1
Let w be (-27 - -26)*(0 + -14729 + -2). Suppose w = 11*p + 1190. What is the hundreds digit of p?
2
Let v be (-13)/91 - 1012/(-28). Suppose 948 = m + i, 37*m - v*m = 5*i + 972. What is the tens digit of m?
5
Suppose 0 = -s - 1, -4*a - s = 2*s + 3. Suppose -4*v - 1352 + 4276 = a. What is the hundreds digit of v?
7
Suppose 2*m - 237*t - 383 = -240*t, 3*m - 550 = -t. What is the tens digit of m?
8
Suppose 4*z + 25*y - 29*y - 42972 = 0, z = -4*y + 10758. What is the thousands digit of z?
0
Suppose 512281 + 304469 = 27*j. What is the tens digit of j?
5
Let z = -2538 + 5324. Let x = z - 1647. What is the tens digit of x?
3
Let q = 2363 + 1528. What is the thousands digit of q?
3
Let u(t) = -38*t - 66. Let n(q) = -76*q - 135. Let k(j) = 2*n(j) - 5*u(j). What is the hundreds digit of k(21)?
8
Suppose -50*x = -10*x - 360. Suppose -9*q + 34776 = x*q. What is the units digit of q?
2
Let i(y) = 82*y**2 + 220*y - 10. What is the thousands digit of i(-10)?
5
Let g(w) = -51*w**3 + w**2. Suppose 35 - 5 = -2*f. Let s be (-2)/(-4) + f/10. What is the units digit of g(s)?
2
Let d = 19594 - 2334. What is the thousands digit of d?
7
Let f = -4978 + 6755. What is the units digit of f?
7
Let r